{"id":196,"date":"2020-03-26T21:06:05","date_gmt":"2020-03-26T21:06:05","guid":{"rendered":"http:\/\/galabautosun.de\/?page_id=196"},"modified":"2020-04-10T21:45:09","modified_gmt":"2020-04-10T21:45:09","slug":"gartengestaltung","status":"publish","type":"page","link":"https:\/\/galabautosun.de\/?page_id=196","title":{"rendered":"Gartengestaltung"},"content":{"rendered":"\n<div class=\"wp-block-image is-style-circle-mask\"><figure class=\"aligncenter size-large is-resized\"><img loading=\"lazy\" decoding=\"async\" src=\"http:\/\/galabautosun.de\/wp-content\/uploads\/2020\/03\/3209-o-1024x682.jpg\" alt=\"\" class=\"wp-image-234\" width=\"512\" height=\"341\" srcset=\"https:\/\/galabautosun.de\/wp-content\/uploads\/2020\/03\/3209-o-1024x682.jpg 1024w, https:\/\/galabautosun.de\/wp-content\/uploads\/2020\/03\/3209-o-300x200.jpg 300w, https:\/\/galabautosun.de\/wp-content\/uploads\/2020\/03\/3209-o-768x512.jpg 768w, https:\/\/galabautosun.de\/wp-content\/uploads\/2020\/03\/3209-o-1536x1024.jpg 1536w, https:\/\/galabautosun.de\/wp-content\/uploads\/2020\/03\/3209-o-2048x1365.jpg 2048w\" sizes=\"auto, (max-width: 512px) 100vw, 512px\" \/><\/figure><\/div>\n\n\n\n<p class=\"has-text-color has-background has-text-align-center has-extra-font-size has-very-dark-gray-color has-very-light-gray-background-color\">Gartengestaltung<\/p>\n\n\n\n<p class=\"has-large-font-size\">Nach Ihren W\u00fcnschen und mit unserem Knowhow gestalten wir Ihren Garten, ob Sie Ihren alten Garten renovieren wollen oder eine Neuanlage beabsichtigen.<\/p>\n\n\n\n<p class=\"has-text-color has-background has-text-align-center has-extra-font-size has-very-dark-gray-color has-very-light-gray-background-color\">Pflegearbeiten<\/p>\n\n\n\n<p class=\"has-large-font-size\">Damit Sie lange Freude am Ihren Garten haben, geh\u00f6ren auch vielf\u00e4ltige und fachgerechte <strong>Pflegearbeiten<\/strong> zu unserem Leistungsportfolio. Hierzu z\u00e4hlen unter anderem Rasen m\u00e4hen, vertikutieren und d\u00fcngen, Hecke schneiden, Baum- und Strauchschnitt, Baumf\u00e4llarbeiten und sonstige Gartenarbeiten. Der Aufwand, Ihren Garten- oder Au\u00dfenanlage stets sch\u00f6n und gr\u00fcn zu halten, ist nicht zu untersch\u00e4tzen. Wir unterst\u00fctzen Sie daher gerne bei der Pflege, unabh\u00e4ngig von Gr\u00f6\u00dfe und Art Ihrer Anlage. Hierzu geh\u00f6rt selbstverst\u00e4ndlich auch die komplette Entsorgung des anfallenden Abfalls.<\/p>\n\n\n\n<figure class=\"wp-block-image size-large\"><img loading=\"lazy\" decoding=\"async\" width=\"1024\" height=\"692\" src=\"http:\/\/galabautosun.de\/wp-content\/uploads\/2020\/03\/2674615-o-1024x692.jpg\" alt=\"\" class=\"wp-image-237\" srcset=\"https:\/\/galabautosun.de\/wp-content\/uploads\/2020\/03\/2674615-o-1024x692.jpg 1024w, https:\/\/galabautosun.de\/wp-content\/uploads\/2020\/03\/2674615-o-300x203.jpg 300w, https:\/\/galabautosun.de\/wp-content\/uploads\/2020\/03\/2674615-o-768x519.jpg 768w, https:\/\/galabautosun.de\/wp-content\/uploads\/2020\/03\/2674615-o-1536x1038.jpg 1536w, https:\/\/galabautosun.de\/wp-content\/uploads\/2020\/03\/2674615-o-2048x1384.jpg 2048w\" sizes=\"auto, (max-width: 1024px) 100vw, 1024px\" \/><\/figure>\n\n\n\n<p class=\"has-text-color has-background has-text-align-center has-extra-font-size has-very-dark-gray-color has-very-light-gray-background-color\">Haus und Wohng\u00e4rten<\/p>\n\n\n\n<p class=\"has-large-font-size\">Haus- und Wohng\u00e4rten sind ein Teil unseres Leistungsspektrums.<br>Lassen auch Sie sich von den Bildern verzaubern, die in den von uns angelegten G\u00e4rten aufgenommen wurden. G\u00e4rten mit Atmosph\u00e4re &#8211; Gestaltung im Einklang mit der Natur.<\/p>\n\n\n\n<h3 class=\"has-text-color wp-block-heading\" style=\"color:#418b0c\">Ein Einblick in unsere Leistungen<\/h3>\n\n\n\n<ul class=\"wp-block-list\"><li><span style=\"color:#418b0c\" class=\"has-inline-color\">Wir legen Ihren Rasen (Aussaat oder Rollrasen) neu an<\/span><\/li><li><span style=\"color:#418b0c\" class=\"has-inline-color\">Wir pflanzen Stauden und Gehlze<\/span><\/li><li><span style=\"color:#418b0c\" class=\"has-inline-color\">Wir verlegen das Pflaster Ihrer Wahl<\/span><\/li><li><span style=\"color:#418b0c\" class=\"has-inline-color\">Wir legen einen Teich oder Bachlauf an<\/span><\/li><li><span style=\"color:#418b0c\" class=\"has-inline-color\">Wir bauen Z\u00e4une, Sichtschutz, Pergolen und sonstige Holzeinrichtungen<\/span><\/li><\/ul>\n\n\n\n<figure class=\"wp-block-image size-large\"><img loading=\"lazy\" decoding=\"async\" width=\"1024\" height=\"683\" src=\"http:\/\/galabautosun.de\/wp-content\/uploads\/2020\/03\/2974-o-1024x683.jpg\" alt=\"\" class=\"wp-image-233\" srcset=\"https:\/\/galabautosun.de\/wp-content\/uploads\/2020\/03\/2974-o-1024x683.jpg 1024w, https:\/\/galabautosun.de\/wp-content\/uploads\/2020\/03\/2974-o-300x200.jpg 300w, https:\/\/galabautosun.de\/wp-content\/uploads\/2020\/03\/2974-o-768x512.jpg 768w, https:\/\/galabautosun.de\/wp-content\/uploads\/2020\/03\/2974-o-1536x1024.jpg 1536w, https:\/\/galabautosun.de\/wp-content\/uploads\/2020\/03\/2974-o-2048x1365.jpg 2048w\" sizes=\"auto, (max-width: 1024px) 100vw, 1024px\" \/><\/figure>\n\n\n\n<p style=\"color:#418b0c\" class=\"has-text-color has-extra-font-size\"><strong>Melden Sie sich bei uns und erfahren Sie mehr!<\/strong><\/p>\n","protected":false},"excerpt":{"rendered":"<p>Gartengestaltung Nach Ihren W\u00fcnschen und mit unserem Knowhow gestalten wir Ihren Garten, ob Sie Ihren alten Garten renovieren wollen oder eine Neuanlage beabsichtigen. Pflegearbeiten Damit Sie lange Freude am Ihren Garten haben, geh\u00f6ren auch vielf\u00e4ltige und fachgerechte Pflegearbeiten zu unserem Leistungsportfolio. Hierzu z\u00e4hlen unter anderem Rasen m\u00e4hen, vertikutieren und d\u00fcngen, Hecke schneiden, Baum- und Strauchschnitt, [&hellip;]<\/p>\n","protected":false},"author":1,"featured_media":0,"parent":0,"menu_order":0,"comment_status":"closed","ping_status":"closed","template":"","meta":{"footnotes":""},"class_list":["post-196","page","type-page","status-publish","hentry","wpbf-post"],"yoast_head":"<!-- This site is optimized with the Yoast SEO plugin v27.5 - https:\/\/yoast.com\/product\/yoast-seo-wordpress\/ -->\n<title>Gartengestaltung - TOSUN Garten- Landschafts- und Sportplatzbau GmbH<\/title>\n<meta name=\"robots\" content=\"index, follow, max-snippet:-1, max-image-preview:large, max-video-preview:-1\" \/>\n<link rel=\"canonical\" href=\"https:\/\/galabautosun.de\/?page_id=196\" \/>\n<meta property=\"og:locale\" content=\"de_DE\" \/>\n<meta property=\"og:type\" content=\"article\" \/>\n<meta property=\"og:title\" content=\"Gartengestaltung - TOSUN Garten- Landschafts- und Sportplatzbau GmbH\" \/>\n<meta property=\"og:description\" content=\"Gartengestaltung Nach Ihren W\u00fcnschen und mit unserem Knowhow gestalten wir Ihren Garten, ob Sie Ihren alten Garten renovieren wollen oder eine Neuanlage beabsichtigen. Pflegearbeiten Damit Sie lange Freude am Ihren Garten haben, geh\u00f6ren auch vielf\u00e4ltige und fachgerechte Pflegearbeiten zu unserem Leistungsportfolio. Hierzu z\u00e4hlen unter anderem Rasen m\u00e4hen, vertikutieren und d\u00fcngen, Hecke schneiden, Baum- und Strauchschnitt, [&hellip;]\" \/>\n<meta property=\"og:url\" content=\"https:\/\/galabautosun.de\/?page_id=196\" \/>\n<meta property=\"og:site_name\" content=\"TOSUN Garten- Landschafts- und Sportplatzbau GmbH\" \/>\n<meta property=\"article:modified_time\" content=\"2020-04-10T21:45:09+00:00\" \/>\n<meta property=\"og:image\" content=\"http:\/\/galabautosun.de\/wp-content\/uploads\/2020\/03\/3209-o-1024x682.jpg\" \/>\n<meta name=\"twitter:card\" content=\"summary_large_image\" \/>\n<meta name=\"twitter:label1\" content=\"Gesch\u00e4tzte Lesezeit\" \/>\n\t<meta name=\"twitter:data1\" content=\"1\u00a0Minute\" \/>\n<script type=\"application\/ld+json\" class=\"yoast-schema-graph\">{\"@context\":\"https:\\\/\\\/schema.org\",\"@graph\":[{\"@type\":\"WebPage\",\"@id\":\"https:\\\/\\\/galabautosun.de\\\/?page_id=196\",\"url\":\"https:\\\/\\\/galabautosun.de\\\/?page_id=196\",\"name\":\"Gartengestaltung - TOSUN Garten- Landschafts- und Sportplatzbau GmbH\",\"isPartOf\":{\"@id\":\"https:\\\/\\\/galabautosun.de\\\/#website\"},\"primaryImageOfPage\":{\"@id\":\"https:\\\/\\\/galabautosun.de\\\/?page_id=196#primaryimage\"},\"image\":{\"@id\":\"https:\\\/\\\/galabautosun.de\\\/?page_id=196#primaryimage\"},\"thumbnailUrl\":\"http:\\\/\\\/galabautosun.de\\\/wp-content\\\/uploads\\\/2020\\\/03\\\/3209-o-1024x682.jpg\",\"datePublished\":\"2020-03-26T21:06:05+00:00\",\"dateModified\":\"2020-04-10T21:45:09+00:00\",\"breadcrumb\":{\"@id\":\"https:\\\/\\\/galabautosun.de\\\/?page_id=196#breadcrumb\"},\"inLanguage\":\"de\",\"potentialAction\":[{\"@type\":\"ReadAction\",\"target\":[\"https:\\\/\\\/galabautosun.de\\\/?page_id=196\"]}]},{\"@type\":\"ImageObject\",\"inLanguage\":\"de\",\"@id\":\"https:\\\/\\\/galabautosun.de\\\/?page_id=196#primaryimage\",\"url\":\"http:\\\/\\\/galabautosun.de\\\/wp-content\\\/uploads\\\/2020\\\/03\\\/3209-o-1024x682.jpg\",\"contentUrl\":\"http:\\\/\\\/galabautosun.de\\\/wp-content\\\/uploads\\\/2020\\\/03\\\/3209-o-1024x682.jpg\"},{\"@type\":\"BreadcrumbList\",\"@id\":\"https:\\\/\\\/galabautosun.de\\\/?page_id=196#breadcrumb\",\"itemListElement\":[{\"@type\":\"ListItem\",\"position\":1,\"name\":\"Startseite\",\"item\":\"https:\\\/\\\/galabautosun.de\\\/\"},{\"@type\":\"ListItem\",\"position\":2,\"name\":\"Gartengestaltung\"}]},{\"@type\":\"WebSite\",\"@id\":\"https:\\\/\\\/galabautosun.de\\\/#website\",\"url\":\"https:\\\/\\\/galabautosun.de\\\/\",\"name\":\"TOSUN Garten- Landschafts- und Sportplatzbau GmbH\",\"description\":\"\",\"publisher\":{\"@id\":\"https:\\\/\\\/galabautosun.de\\\/#organization\"},\"potentialAction\":[{\"@type\":\"SearchAction\",\"target\":{\"@type\":\"EntryPoint\",\"urlTemplate\":\"https:\\\/\\\/galabautosun.de\\\/?s={search_term_string}\"},\"query-input\":{\"@type\":\"PropertyValueSpecification\",\"valueRequired\":true,\"valueName\":\"search_term_string\"}}],\"inLanguage\":\"de\"},{\"@type\":\"Organization\",\"@id\":\"https:\\\/\\\/galabautosun.de\\\/#organization\",\"name\":\"TOSUN Garten- Landschafts- und Sportplatzbau GmbH\",\"url\":\"https:\\\/\\\/galabautosun.de\\\/\",\"logo\":{\"@type\":\"ImageObject\",\"inLanguage\":\"de\",\"@id\":\"https:\\\/\\\/galabautosun.de\\\/#\\\/schema\\\/logo\\\/image\\\/\",\"url\":\"https:\\\/\\\/galabautosun.de\\\/wp-content\\\/uploads\\\/2020\\\/03\\\/galabautosun-website-logo-1.svg\",\"contentUrl\":\"https:\\\/\\\/galabautosun.de\\\/wp-content\\\/uploads\\\/2020\\\/03\\\/galabautosun-website-logo-1.svg\",\"caption\":\"TOSUN Garten- Landschafts- und Sportplatzbau GmbH\"},\"image\":{\"@id\":\"https:\\\/\\\/galabautosun.de\\\/#\\\/schema\\\/logo\\\/image\\\/\"}}]}<\/script>\n<!-- \/ Yoast SEO plugin. -->","yoast_head_json":{"title":"Gartengestaltung - TOSUN Garten- Landschafts- und Sportplatzbau GmbH","robots":{"index":"index","follow":"follow","max-snippet":"max-snippet:-1","max-image-preview":"max-image-preview:large","max-video-preview":"max-video-preview:-1"},"canonical":"https:\/\/galabautosun.de\/?page_id=196","og_locale":"de_DE","og_type":"article","og_title":"Gartengestaltung - TOSUN Garten- Landschafts- und Sportplatzbau GmbH","og_description":"Gartengestaltung Nach Ihren W\u00fcnschen und mit unserem Knowhow gestalten wir Ihren Garten, ob Sie Ihren alten Garten renovieren wollen oder eine Neuanlage beabsichtigen. Pflegearbeiten Damit Sie lange Freude am Ihren Garten haben, geh\u00f6ren auch vielf\u00e4ltige und fachgerechte Pflegearbeiten zu unserem Leistungsportfolio. Hierzu z\u00e4hlen unter anderem Rasen m\u00e4hen, vertikutieren und d\u00fcngen, Hecke schneiden, Baum- und Strauchschnitt, [&hellip;]","og_url":"https:\/\/galabautosun.de\/?page_id=196","og_site_name":"TOSUN Garten- Landschafts- und Sportplatzbau GmbH","article_modified_time":"2020-04-10T21:45:09+00:00","og_image":[{"url":"http:\/\/galabautosun.de\/wp-content\/uploads\/2020\/03\/3209-o-1024x682.jpg","type":"","width":"","height":""}],"twitter_card":"summary_large_image","twitter_misc":{"Gesch\u00e4tzte Lesezeit":"1\u00a0Minute"},"schema":{"@context":"https:\/\/schema.org","@graph":[{"@type":"WebPage","@id":"https:\/\/galabautosun.de\/?page_id=196","url":"https:\/\/galabautosun.de\/?page_id=196","name":"Gartengestaltung - TOSUN Garten- Landschafts- und Sportplatzbau GmbH","isPartOf":{"@id":"https:\/\/galabautosun.de\/#website"},"primaryImageOfPage":{"@id":"https:\/\/galabautosun.de\/?page_id=196#primaryimage"},"image":{"@id":"https:\/\/galabautosun.de\/?page_id=196#primaryimage"},"thumbnailUrl":"http:\/\/galabautosun.de\/wp-content\/uploads\/2020\/03\/3209-o-1024x682.jpg","datePublished":"2020-03-26T21:06:05+00:00","dateModified":"2020-04-10T21:45:09+00:00","breadcrumb":{"@id":"https:\/\/galabautosun.de\/?page_id=196#breadcrumb"},"inLanguage":"de","potentialAction":[{"@type":"ReadAction","target":["https:\/\/galabautosun.de\/?page_id=196"]}]},{"@type":"ImageObject","inLanguage":"de","@id":"https:\/\/galabautosun.de\/?page_id=196#primaryimage","url":"http:\/\/galabautosun.de\/wp-content\/uploads\/2020\/03\/3209-o-1024x682.jpg","contentUrl":"http:\/\/galabautosun.de\/wp-content\/uploads\/2020\/03\/3209-o-1024x682.jpg"},{"@type":"BreadcrumbList","@id":"https:\/\/galabautosun.de\/?page_id=196#breadcrumb","itemListElement":[{"@type":"ListItem","position":1,"name":"Startseite","item":"https:\/\/galabautosun.de\/"},{"@type":"ListItem","position":2,"name":"Gartengestaltung"}]},{"@type":"WebSite","@id":"https:\/\/galabautosun.de\/#website","url":"https:\/\/galabautosun.de\/","name":"TOSUN Garten- Landschafts- und Sportplatzbau GmbH","description":"","publisher":{"@id":"https:\/\/galabautosun.de\/#organization"},"potentialAction":[{"@type":"SearchAction","target":{"@type":"EntryPoint","urlTemplate":"https:\/\/galabautosun.de\/?s={search_term_string}"},"query-input":{"@type":"PropertyValueSpecification","valueRequired":true,"valueName":"search_term_string"}}],"inLanguage":"de"},{"@type":"Organization","@id":"https:\/\/galabautosun.de\/#organization","name":"TOSUN Garten- Landschafts- und Sportplatzbau GmbH","url":"https:\/\/galabautosun.de\/","logo":{"@type":"ImageObject","inLanguage":"de","@id":"https:\/\/galabautosun.de\/#\/schema\/logo\/image\/","url":"https:\/\/galabautosun.de\/wp-content\/uploads\/2020\/03\/galabautosun-website-logo-1.svg","contentUrl":"https:\/\/galabautosun.de\/wp-content\/uploads\/2020\/03\/galabautosun-website-logo-1.svg","caption":"TOSUN Garten- Landschafts- und Sportplatzbau GmbH"},"image":{"@id":"https:\/\/galabautosun.de\/#\/schema\/logo\/image\/"}}]}},"_links":{"self":[{"href":"https:\/\/galabautosun.de\/index.php?rest_route=\/wp\/v2\/pages\/196","targetHints":{"allow":["GET"]}}],"collection":[{"href":"https:\/\/galabautosun.de\/index.php?rest_route=\/wp\/v2\/pages"}],"about":[{"href":"https:\/\/galabautosun.de\/index.php?rest_route=\/wp\/v2\/types\/page"}],"author":[{"embeddable":true,"href":"https:\/\/galabautosun.de\/index.php?rest_route=\/wp\/v2\/users\/1"}],"replies":[{"embeddable":true,"href":"https:\/\/galabautosun.de\/index.php?rest_route=%2Fwp%2Fv2%2Fcomments&post=196"}],"version-history":[{"count":15,"href":"https:\/\/galabautosun.de\/index.php?rest_route=\/wp\/v2\/pages\/196\/revisions"}],"predecessor-version":[{"id":477,"href":"https:\/\/galabautosun.de\/index.php?rest_route=\/wp\/v2\/pages\/196\/revisions\/477"}],"wp:attachment":[{"href":"https:\/\/galabautosun.de\/index.php?rest_route=%2Fwp%2Fv2%2Fmedia&parent=196"}],"curies":[{"name":"wp","href":"https:\/\/api.w.org\/{rel}","templated":true}]}}